{"id":2,"date":"2019-03-14T23:53:28","date_gmt":"2019-03-14T22:53:28","guid":{"rendered":"http:\/\/aoa2espoiretoile.fr\/?page_id=2"},"modified":"2026-02-04T18:56:06","modified_gmt":"2026-02-04T17:56:06","slug":"nous-soutenir","status":"publish","type":"page","link":"https:\/\/aoa2pournotreetoile.fr\/index.php\/nous-soutenir\/","title":{"rendered":"NOUS SOUTENIR"},"content":{"rendered":"\n<p>L\u2019AOA2 est une maladie g\u00e9n\u00e9tique rare : Ataxie Apraxie Oculomotrice de type 2. L &lsquo;ataxie est la cons\u00e9quence d&rsquo;une atteinte du cervelet (qui contribue principalement \u00e0 l&rsquo;\u00e9quilibre et \u00e0 la coordination motrice), de la moelle \u00e9pini\u00e8re et des nerfs qui connectent le cervelet aux diff\u00e9rents muscles. A ce jour, il n&rsquo;existe pas de traitement pour gu\u00e9rir cette maladie.<\/p>\n\n\n\n<p>Les objectifs de notre association sont : financer la recherche m\u00e9dicale sur l&rsquo;AOA2, am\u00e9liorer la qualit\u00e9 de vie de patients et pouvoir financer des am\u00e9nagements pour am\u00e9liorer leur qualit\u00e9 de vie .<br><\/p>\n\n\n\n<blockquote class=\"wp-block-quote is-layout-flow wp-block-quote-is-layout-flow\">\n<p>Vous souhaitez vous engagez concr\u00e8tement pour lutter contre les maladies g\u00e9n\u00e9tiques ? Vous souhaitez apporter un soutien \u00e0 notre association ? Vous avez des id\u00e9es, des comp\u00e9tences particuli\u00e8res ou un peu de temps \u00e0 nous consacrer\u2026 Alors rejoignez nous !<\/p>\n<\/blockquote>\n\n\n\n<p> En adh\u00e9rant \u00e0 l&rsquo;association <strong>AOA2, Un Espoir pour Nos Etoiles, <\/strong>vous apportez votre soutien en vous mobilisant selon vos pr\u00e9f\u00e9rences : participation lors des actions au cours de  l&rsquo;ann\u00e9e, soutien financier au travers de la cotisation et\/ou don,  propositions d&rsquo;id\u00e9es, etc.<\/p>\n\n\n\n<p>Aucune obligation concernant votre degr\u00e9 de participation \u00e0 l&rsquo;association, faites pour le mieux \ud83d\ude42 <\/p>\n\n\n\n<p>Pour adh\u00e9rer, remplissez simplement le bulletin d&rsquo;adh\u00e9sion suivant : <a href=\"https:\/\/aoa2pournotreetoile.fr\/wp-content\/uploads\/2026\/02\/2026_bulletin-_adhesion_v1.pdf\">bulletin d&rsquo;adh\u00e9sion 2026<\/a><\/p>\n\n\n\n<p class=\"has-text-align-left\"> Puis transmettez le bulletin compl\u00e9t\u00e9 et sign\u00e9 selon votre choix par mail \u00e0 l&rsquo;adresse <a href=\"mailto:aoa2.pournotreetoile@hotmail.com?__xts__=\">aoa2.<\/a><a href=\"mailto:aoa2.pournotreetoile@hotmail.com?__xts__=\" target=\"_blank\" rel=\"noreferrer noopener\">pournotreetoile<\/a><a href=\"mailto:aoa2.pournotreetoile@hotmail.com?__xts__=\">@hotmail.com<\/a> ou par courrier \u00e0 <strong>AOA2, Un Espoir pour Nos Etoiles, 6 Rue Jean Baptiste Saulcy 88400 GERARDMER<\/strong>.<\/p>\n\n\n\n<blockquote class=\"wp-block-quote is-layout-flow wp-block-quote-is-layout-flow\">\n<p><strong>MERCI !<\/strong><\/p>\n<\/blockquote>\n\n\n\n<p><\/p>\n","protected":false},"excerpt":{"rendered":"<p>L\u2019AOA2 est une maladie g\u00e9n\u00e9tique rare : Ataxie Apraxie Oculomotrice de type 2. L &lsquo;ataxie est la cons\u00e9quence d&rsquo;une atteinte<\/p>\n","protected":false},"author":1,"featured_media":0,"parent":0,"menu_order":0,"comment_status":"closed","ping_status":"closed","template":"","meta":{"footnotes":""},"class_list":["post-2","page","type-page","status-publish","hentry"],"_links":{"self":[{"href":"https:\/\/aoa2pournotreetoile.fr\/index.php\/wp-json\/wp\/v2\/pages\/2","targetHints":{"allow":["GET"]}}],"collection":[{"href":"https:\/\/aoa2pournotreetoile.fr\/index.php\/wp-json\/wp\/v2\/pages"}],"about":[{"href":"https:\/\/aoa2pournotreetoile.fr\/index.php\/wp-json\/wp\/v2\/types\/page"}],"author":[{"embeddable":true,"href":"https:\/\/aoa2pournotreetoile.fr\/index.php\/wp-json\/wp\/v2\/users\/1"}],"replies":[{"embeddable":true,"href":"https:\/\/aoa2pournotreetoile.fr\/index.php\/wp-json\/wp\/v2\/comments?post=2"}],"version-history":[{"count":28,"href":"https:\/\/aoa2pournotreetoile.fr\/index.php\/wp-json\/wp\/v2\/pages\/2\/revisions"}],"predecessor-version":[{"id":1364,"href":"https:\/\/aoa2pournotreetoile.fr\/index.php\/wp-json\/wp\/v2\/pages\/2\/revisions\/1364"}],"wp:attachment":[{"href":"https:\/\/aoa2pournotreetoile.fr\/index.php\/wp-json\/wp\/v2\/media?parent=2"}],"curies":[{"name":"wp","href":"https:\/\/api.w.org\/{rel}","templated":true}]}}